4)/(-6) is divided by c(-4).
18
Let n = -5 - -2. What is the remainder when 32 is divided by -1 + 1 - (-20 - n)?
15
Suppose -w = -5 + 1. Suppose 5*n - w*z = 42, 2*z + 16 + 0 = 2*n. Calculate the remainder when 19 is divided by n.
9
Let n(v) = 2*v + 21. Let s(j) = -j**2 + 10*j + 7. Let z be s(9). Let l = -7 - -18. What is the remainder when n(z) is divided by l?
9
Calculate the remainder when 22 is divided by 15 - (4 + 0 - 2).
9
Let f = -3 - -11. What is the remainder when 37 is divided by f?
5
Suppose 19 = a - 4*l + 7, 5 = -5*l. Calculate the remainder when 31 is divided by a.
7
Let w(c) = -8*c + 3. Let t be (0 - -1 - -2) + -8. What is the remainder when w(t) is divided by 12 + 2/1 + 1?
13
Suppose 4*g - 112 = -4*x, 52 = 3*x - g - 12. Calculate the remainder when 66 is divided by x.
20
Let l = 188 + -125. Calculate the remainder when l is divided by 8.
7
Suppose 9*l = 4*l + 370. Calculate the remainder when l is divided by 25.
24
Let n = 86 - 61. Let u(r) = r**2 + r + 72. What is the remainder when u(0) is divided by n?
22
Suppose 2*k - 4*n = 16, -k = 4*k + 2*n + 8. Suppose 0 = -5*r - 5, k*c - 4*c - 2*r = -66. Let s = -6 - -15. Calculate the remainder when c is divided by s.
8
Let d(h) = 2*h**2 - 25*h - 11. Let v = 384 - 261. What is the remainder when v is divided by d(14)?
30
Suppose -283 = -5*m + 432. What is the remainder when m is divided by 48?
47
Suppose -8 = -r - 3. Suppose -v = v + 2*h - 16, 0 = 3*v - 2*h - 24. What is the remainder when v is divided by r?
3
Suppose 6 = 3*p - 0. Suppose 4*j - 192 = -4*n, 5*n - 3*j = p*n + 132. Calculate the remainder when n is divided by ((-1)/2)/((-5)/160).
14
Let g = 13 + -65. Let x be -81 - (2 + (-3 - -1)). Let t = g - x. What is the remainder when t is divided by 15?
14
What is the remainder when (-4)/(4/(-69)) - 0 is divided by 18?
15
What is the remainder when (-1)/(-4) - 22/(-8) is divided by 3?
0
Suppose 2*g + 0*g + 56 = 0. Let y be (g/6)/(1/12). Calculate the remainder when 6/2*y/(-6) is divided by 10.
8
Suppose -5 = 5*y - 3*v + 18, -4 = -4*v. Let d(p) = 6*p**2 - p. Let g be d(-1). Let m = g - y. Calculate the remainder when 20 is divided by m.
9
Suppose 5*d = 6*d - 12. Calculate the remainder when d is divided by 4.
0
Let j(y) = -13*y - 3. What is the remainder when j(-4) is divided by 13?
10
Let b(r) = 10*r + 39. Calculate the remainder when b(9) is divided by 11.
8
Let a = -70 - -138. What is the remainder when a is divided by 24?
20
Suppose 0*k - 5*k = -4*q - 116, -64 = -3*k + q. What is the remainder when 78 is divided by k?
18
Let j be (-548)/(-16) - 2/8. Suppose 32*p + 54 = j*p. What is the remainder when p is divided by 10?
7
Let v be 2/(-4) - 10/(-4). Suppose 1 - 29 = -v*d. Let w = -64 + 104. Calculate the remainder when w is divided by d.
12
Let x = 2 - 9. Let j = x + 10. Suppose -j*o + 20 = -67. What is the remainder when o is divided by 10?
9
Suppose 0 = j - 3*j + 16. What is the remainder when 28 is divided by j?
4
Let f(l) = 24*l**2 + 13*l + 13. What is the remainder when 283/3 - 2/6 is divided by f(-1)?
22
Suppose -3*a = -2*f + 39, -22*a + 16 = 3*f - 18*a. Suppose -111 = -4*z + 21. Calculate the remainder when z is divided by f.
9
Let u(q) = 11*q**2 - 2*q - 1. Calculate the remainder when u(2) is divided by 14.
11
Suppose -6*i + 2*i + 56 = 0. What is the remainder when 39 is divided by i?
11
Let i(p) = p**3 + 12*p**2 + 14. Calculate the remainder when 55 is divided by i(-12).
13
Let g be (-6)/21 + 24156/21. Suppose -4*r + g = r. Suppose 4*n = 2*z + r, 2*n = n - 4*z + 35. What is the remainder when n is divided by 19?
17
Suppose 2*a - 3*a = -f - 5, 5*a = 3*f + 21. Calculate the remainder when 3/f*24/(-9) is divided by 3.
1
Suppose 0 = -3*g - 2*g + 25, 5*v + 65 = -g. Let c = 104 + v. Suppose -a - c = -4*a. What is the remainder when a is divided by 11?
8
Let w = -33 + 54. Calculate the remainder when 39 is divided by w.
18
Calculate the remainder when (-4)/(-3)*66/4 is divided by 6.
4
Suppose 5*g - 12 = 9*g, f + 3*g + 4 = 0. What is the remainder when 33 is divided by f?
3
Suppose -85 = -3*t + 11. Suppose -3*d + t = -31. Calculate the remainder when d is divided by 12.
9
Let b(h) = 3*h - 3. Let w(v) = -v**3 + v + 16. What is the remainder when w(0) is divided by b(3)?
4
Suppose 8 = 2*i, -q - 1 = i - 2. Calculate the remainder when ((-50)/(-6))/(40/12 - 3) is divided by 40/3 - q/(-9).
12
Suppose s = -4*l + 32, l = -2*l + 5*s + 1. Let p(u) = -u**2 + 7*u + 2. What is the remainder when 5 is divided by p(l)?
1
Let i = 32 + 33. Calculate the remainder when i is divided by 22.
21
Suppose 2*b - 26 = -6. Let h be 3/(-1*(-6)/(-8)). What is the remainder when 74/4 + (-2)/h is divided by b?
9
What is the remainder when -60*(-5)/(30/4) is divided by (-116)/(-8) + 2/(-4)?
12
Suppose -o + 0 + 3 = 0. Suppose o*f - 26 = 13. What is the remainder when 3 + -2 - (-36 - 0) is divided by f?
11
Suppose 0*a - 2*a = 0. Suppose o + 0*o = a. Suppose o = -4*d + 2*t + 48, 0*d + 3*t = 2*d - 20. What is the remainder when 24 is divided by d?
11
Suppose -r - t = 6, -t = 4*r + t + 32. Let s = 18 + r. Suppose -3*f + 2*f - 3 = -4*m, 2*f + 3*m = 16. What is the remainder when s is divided by f?
3
Let w(o) = -o - 7. Let t be w(-6). Suppose 3*m = -m - 4*h + 8, -2*m + 22 = -4*h. Let j = t + m. Calculate the remainder when 11 is divided by j.
3
Let t(y) = -y**2 - 9*y - 9. Let z be t(-7). Suppose -3*x - 12 = -z*n, 0 = 2*n - 2*x - 2 - 2. Suppose r - n = 20. What is the remainder when 44 is divided by r?
21
Suppose -5*f - 15 = -a, a - 9 = 2*a + 3*f. What is the remainder when 5/((a + -1)/(-5)) is divided by 13?
12
Let b = 13 - -36. What is the remainder when b is divided by 14?
7
Let n = -16 + 18. Suppose 0 = n*w + 8, 2*d + 0*w - 30 = 4*w. What is the remainder when 41 is divided by d?
6
Let h(d) = -d - 17. Let o be h(-13). What is the remainder when ((-2)/6)/(o/852) is divided by 18?
17
Let p be (4 - 3) + 4*2. Let o = p + -1. Let f(u) = u**3 - 4*u**2 - 2*u - 1. What is the remainder when f(5) is divided by o?
6
Suppose 2*v - 305 = -2*v - x, 0 = 2*v - 5*x - 169. Calculate the remainder when 86 is divided by 8*(v/4)/7.
20
Let y = -4 - -7. Suppose 0*z + 18 = 3*z. Calculate the remainder when z is divided by y.
0
Let x = -17 + 20. Suppose -4*t + x*t + 38 = 0. Calculate the remainder when t is divided by 10.
8
Suppose 5*u = -242 + 32. What is the remainder when -4*u/4 - 2 is divided by 12/(-6) - (-15 - 1)?
12
Let x(p) = 3*p + 3. Let r be x(12). Let q = -10 + r. Calculate the remainder when q is divided by 8.
5
Let d = 30 - 16. What is the remainder when d is divided by 5?
4
Let g be -1 + -1 - (6 + -10). Suppose -4*f + 4*d = d - 65, 0 = 3*f + g*d - 53. What is the remainder when 66 is divided by f?
15
Let z = 22 - 20. Let j(k) = -2*k. Let q be 7/7*-1*1. Calculate the remainder when z is divided by j(q).
0
Suppose -7*b + 200 = -2*b. What is the remainder when 119 is divided by b?
39
Let y = -1 - -3. Suppose y*r - 19 = r. Suppose -5*s + 66 = -r. What is the remainder when s is divided by 6?
5
Let a be 68/(-18) - (60/(-27))/(-10). Suppose 5*p = 2*y + 2*p - 1, 0 = -y + 3*p + 8. What is the remainder when 6 is divided by y/(-2) + (-2)/a?
2
Let k(v) = -v**3 - 6*v**2 - 2*v + 6. What is the remainder when k(-6) is divided by (-2)/4 - (-42)/4?
8
Let m = 146 - 128. What is the remainder when 80 is divided by m?
8
Suppose 5 = -5*z + 15. Suppose 2*y = -p - 13, y + 0 = -z*p + 1. Let m = y + 18. Calculate the remainder when 26 is divided by m.
8
Suppose 5*f + 6 = 7*f. Let p(d) = 4*d + 1. What is the remainder when 24 is divided by p(f)?
11
Let x = -82 + 90. What is the remainder when 13 is divided by x?
5
Let r = 8 - 5. Let z = r + 2. Calculate the remainder when 7 is divided by z.
2
Let o(x) = x**2 + 10*x + 8. Let h be o(-9). Let b be h/4 + 2/8. Suppose -5*k - 19 + 64 = b. What is the remainder when 26 is divided by k?
8
Let g = 41 - 27. Let f(z) = 2*z**2 - 8*z - 2. What is the remainder when f(7) is divided by g?
12
Suppose s - 6 = b, 5*s + b + 2*b = 14. Suppose s*n - 9*n = -120. Calculate the remainder when n is divided by 13.
11
Let m be ((-24)/10)/((-15)/50). Calculate the remainder when (-106)/(-6)*(7 - 4) is divided by 142/m - (-3)/12.
17
Let t(q) = -q**2 - 8*q. Let o = -28 + 50. Calculate the remainder when o is divided by t(-6